51
What is the greatest common factor of 896 and 20412?
28
What is the greatest common factor of 58512 and 324?
12
Calculate the greatest common divisor of 32361 and 1012.
23
Calculate the highest common divisor of 1165176 and 648.
72
Calculate the greatest common factor of 20216 and 2800.
56
Calculate the highest common factor of 17202 and 549.
183
What is the greatest common divisor of 35243 and 286?
13
What is the highest common divisor of 36 and 3571434?
18
Calculate the greatest common divisor of 714 and 21658.
238
Calculate the greatest common factor of 94930 and 81122.
1726
What is the greatest common factor of 29840 and 1792?
16
What is the greatest common divisor of 2338 and 2548?
14
What is the greatest common factor of 295 and 100?
5
Calculate the highest common divisor of 1638 and 4446.
234
What is the greatest common divisor of 293120 and 384?
128
Calculate the greatest common factor of 3197360 and 408.
136
What is the greatest common factor of 1485 and 40?
5
Calculate the highest common factor of 113656 and 8.
8
Calculate the highest common factor of 1528949 and 19.
19
Calculate the highest common factor of 96 and 35848.
8
What is the greatest common divisor of 21684 and 12038?
26
What is the highest common divisor of 1236038 and 319?
29
What is the greatest common divisor of 11684 and 92?
92
What is the highest common divisor of 4888404 and 108?
108
What is the highest common factor of 4936 and 72?
8
Calculate the highest common divisor of 190 and 907402.
38
Calculate the highest common factor of 26026 and 61138.
154
What is the highest common factor of 592 and 33872?
16
Calculate the highest common divisor of 5642 and 331422.
182
What is the highest common divisor of 2077 and 46766?
67
What is the greatest common divisor of 365260 and 1260?
140
What is the greatest common factor of 66684 and 60?
12
Calculate the greatest common divisor of 9812675 and 249.
83
Calculate the greatest common factor of 27435 and 708.
177
Calculate the highest common divisor of 12524 and 89652.
124
What is the greatest common factor of 5746 and 2704?
338
Calculate the greatest common divisor of 220 and 72.
4
What is the greatest common factor of 40 and 228520?
40
Calculate the highest common divisor of 71166 and 8526.
174
What is the highest common divisor of 65554 and 25258?
146
Calculate the greatest common factor of 3 and 101130.
3
What is the highest common divisor of 489636 and 29?
29
What is the highest common factor of 711 and 215038?
79
Calculate the highest common divisor of 9912 and 196.
28
Calculate the greatest common factor of 5 and 15785.
5
What is the highest common divisor of 217 and 47213?
31
Calculate the greatest common factor of 89033 and 196.
49
Calculate the greatest common factor of 884 and 20644.
52
What is the highest common divisor of 202 and 2804?
2
Calculate the greatest common factor of 41028 and 312.
156
What is the greatest common factor of 1131 and 17487?
87
What is the highest common factor of 15 and 2234355?
15
Calculate the highest common divisor of 2941 and 84078.
173
Calculate the greatest common factor of 33930 and 7110.
90
What is the greatest common divisor of 52099 and 848?
53
What is the greatest common factor of 8694 and 29118?
138
Calculate the greatest common factor of 6 and 223605.
3
Calculate the highest common divisor of 5544855 and 405.
405
Calculate the greatest common divisor of 185 and 8132415.
185
What is the greatest common divisor of 93961 and 217?
217
What is the greatest common factor of 26 and 19846164?
26
Calculate the highest common factor of 209 and 60173.
19
Calculate the highest common divisor of 396 and 229064.
44
Calculate the highest common factor of 11352 and 54120.
264
What is the highest common divisor of 24704 and 32?
32
What is the greatest common divisor of 117 and 1503?
9
What is the greatest common divisor of 84 and 8076?
12
Calculate the highest common divisor of 234555 and 285.
285
What is the highest common divisor of 430 and 7151416?
86
What is the highest common factor of 18960 and 3840?
240
Calculate the highest common factor of 15 and 1028305.
5
What is the greatest common divisor of 990 and 3285?
45
What is the highest common divisor of 35 and 6279840?
35
What is the highest common factor of 40020 and 161?
23
What is the greatest common divisor of 2706 and 62976?
246
What is the greatest common factor of 5279690 and 6630?
2210
Calculate the greatest common divisor of 73575 and 75.
75
What is the highest common factor of 1595 and 448340?
145
Calculate the greatest common divisor of 1 and 4443.
1
What is the highest common divisor of 354003 and 40716?
1131
What is the greatest common factor of 6 and 120?
6
Calculate the highest common divisor of 5870 and 5730.
10
Calculate the greatest common factor of 10417 and 5192.
11
Calculate the highest common divisor of 27 and 3554.
1
What is the greatest common factor of 61104 and 2412?
804
Calculate the greatest common factor of 872 and 4186472.
872
Calculate the greatest common factor of 293734 and 14.
14
Calculate the greatest common divisor of 1014 and 6792279.
507
What is the greatest common factor of 214 and 18297?
107
Calculate the greatest common factor of 649 and 1039049.
649
What is the highest common divisor of 15043 and 2450?
49
Calculate the greatest common factor of 42 and 80490.
6
Calculate the highest common factor of 50151 and 657.
219
Calculate the highest common factor of 5363 and 24393.
173
What is the greatest common factor of 791947 and 377?
13
Calculate the highest common divisor of 755 and 1445.
5
What is the greatest common divisor of 9516 and 300?
12
Calculate the highest common divisor of 90892 and 93.
31
What is the greatest common divisor of 2248 and 304?
8
Calculate the highest common divisor of 364741 and 52.
13
Calculate the highest common factor of 36296 and 7678.
698
What is the highest common divisor of 22568 and 13?
13
Calculate the greatest common divisor of 731204 and 68.
68
What is the highest common factor of 85 and 1005805?
85
What is the greatest common divisor of 18832 and 957?
11
What is the greatest common factor of 182 and 1702064?
182
What is the greatest common divisor of 39675 and 225?
75
What is the greatest common divisor of 123156 and 1012?
44
What is the highest common divisor of 28 and 32683?
7
What is the highest common factor of 3668056 and 24?
8
What is the greatest common divisor of 119340 and 6800?
340
Calculate the highest common divisor of 2732 and 1516.
4
What is the greatest common divisor of 4620 and 66660?
660
Calculate the highest common factor of 376 and 1065960.
376
Calculate the greatest common factor of 130 and 368095.
65
What is the greatest common factor of 34741 and 147?
49
What is the greatest common factor of 2025312 and 584?
584
What is the greatest common factor of 2114 and 72178?
302
Calculate the highest common factor of 1776 and 12144.
48
What is the greatest common divisor of 1758 and 10765406?
586
Calculate the highest common divisor of 36784 and 368.
16
Calculate the highest common factor of 8 and 221944.
8
What is the greatest common divisor of 578 and 141610?
578
What is the highest common factor of 63861 and 168?
21
What is the highest common divisor of 1281 and 139650?
21
Calculate the greatest common divisor of 116 and 1652.
4
Calculate the highest common factor of 87 and 948.
3
What is the greatest common factor of 291 and 187113?
291
What is the highest common divisor of 2730 and 447135?
195
What is the highest common divisor of 95981 and 164?
41
Calculate the greatest common divisor of 945 and 5600.
35
Calculate the greatest common divisor of 2327 and 7876.
179
Calculate the highest common factor of 39379 and 424.
53
Calculate the highest common factor of 40120 and 5780.
340
What is the greatest common factor of 152 and 184?
8
What is the highest common divisor of 94725 and 2947?
421
What is the greatest common factor of 676767 and 91?
91
Calculate the highest common factor of 69107 and 29.
29
What is the highest common factor of 10731 and 3358?
73
Calculate the greatest common divisor of 3132145 and 145.
145
Calculate the greatest common divisor of 164 and 25552.
4
What is the greatest common factor of 18 and 7074693?
9
What is the gre